{"id":26535,"date":"2024-03-19T15:44:19","date_gmt":"2024-03-19T12:44:19","guid":{"rendered":"https:\/\/www.enbiosis.com\/?page_id=26535"},"modified":"2024-11-26T20:19:37","modified_gmt":"2024-11-26T17:19:37","slug":"enbiosis-ai-technology","status":"publish","type":"page","link":"https:\/\/enbiosis.com\/staging\/pl\/enbiosis-ai-technology\/","title":{"rendered":"Technologia sztucznej inteligencji ENBIOSIS"},"content":{"rendered":"\t<section class=\"section\" id=\"section_280215232\">\n\t\t<div class=\"bg section-bg fill bg-fill  \" >\n\n\t\t\t\n\t\t\t<div class=\"section-bg-overlay absolute fill\"><\/div>\n\t\t\t\n\n\t\t<\/div>\n\n\t\t\n\n\t\t<div class=\"section-content relative\">\n\t\t\t\n<div class=\"row\"  id=\"row-2029607687\">\n\n\t<div id=\"col-583575327\" class=\"col small-12 large-12\"  >\n\t\t\t\t<div class=\"col-inner text-center dark\"  >\n\t\t\t\n\t\t\t\n\t<div id=\"text-448960546\" class=\"text\">\n\t\t\n<h2>Uwolnienie mocy sztucznej inteligencji do dekodowania mikrobiomu jelitowego<\/h2>\n\t\t\n<style>\n#text-448960546 {\n  font-size: 2rem;\n  text-align: center;\n}\n<\/style>\n\t<\/div>\n\t\n\t\t<\/div>\n\t\t\t\t\n<style>\n#col-583575327 > .col-inner {\n  padding: 20px 0px 0px 0px;\n}\n<\/style>\n\t<\/div>\n\n\t\n\n<style>\n#row-2029607687 > .col > .col-inner {\n  padding: 56px 0px 0px 0px;\n}\n<\/style>\n<\/div>\n\t\t<\/div>\n\n\t\t\n<style>\n#section_280215232 {\n  padding-top: 50px;\n  padding-bottom: 50px;\n  min-height: 300px;\n}\n#section_280215232 .section-bg-overlay {\n  background-color: rgba(0, 0, 0, 0.221);\n}\n#section_280215232 .section-bg.bg-loaded {\n  background-image: url(https:\/\/enbiosis.com\/staging\/wp-content\/uploads\/2022\/12\/Gut_micro_page-copy11.jpg);\n}\n#section_280215232 .section-bg {\n  background-position: 50% 40%;\n}\n#section_280215232 .ux-shape-divider--top svg {\n  height: 150px;\n  --divider-top-width: 100%;\n}\n#section_280215232 .ux-shape-divider--bottom svg {\n  height: 150px;\n  --divider-width: 100%;\n}\n@media (min-width:550px) {\n  #section_280215232 {\n    padding-top: 0px;\n    padding-bottom: 0px;\n  }\n}\n<\/style>\n\t<\/section>\n\t\n\t<section class=\"section\" id=\"section_918241810\">\n\t\t<div class=\"bg section-bg fill bg-fill  bg-loaded\" >\n\n\t\t\t\n\t\t\t\n\t\t\t\n\n\t\t<\/div>\n\n\t\t\n\n\t\t<div class=\"section-content relative\">\n\t\t\t\n<div class=\"row align-center\"  id=\"row-1033130411\">\n\n\t<div id=\"col-1356661662\" class=\"col small-12 large-12\"  >\n\t\t\t\t<div class=\"col-inner text-left\"  >\n\t\t\t\n\t\t\t\n\t<div id=\"gap-260883643\" class=\"gap-element clearfix\" style=\"display:block; height:auto;\">\n\t\t\n<style>\n#gap-260883643 {\n  padding-top: 30px;\n}\n<\/style>\n\t<\/div>\n\t\n<div class=\"row align-equal align-center\"  id=\"row-27473103\">\n\n\t<div id=\"col-617019464\" class=\"col small-12 large-12\"  >\n\t\t\t\t<div class=\"col-inner text-left\" style=\"background-color:rgb(255,255,255);\" >\n\t\t\t\n\t\t\t\n<div class=\"row align-middle\"  id=\"row-1003671934\">\n\n\t<div id=\"col-68498360\" class=\"col medium-4 small-12 large-4 small-col-first\"  >\n\t\t\t\t<div class=\"col-inner text-center\"  >\n\t\t\t\n\t\t\t\n\t<div class=\"img has-hover x md-x lg-x y md-y lg-y\" id=\"image_336527057\">\n\t\t\t\t\t\t\t\t<div class=\"img-inner dark\" >\n\t\t\t<img fetchpriority=\"high\" decoding=\"async\" width=\"1080\" height=\"1080\" src=\"https:\/\/enbiosis.com\/staging\/wp-content\/uploads\/2022\/07\/enbiosis-ai-01.jpg\" class=\"attachment-original size-original\" alt=\"AI-powered microbiome analysis and recommendation\" srcset=\"https:\/\/enbiosis.com\/staging\/wp-content\/uploads\/2022\/07\/enbiosis-ai-01.jpg 1080w, https:\/\/enbiosis.com\/staging\/wp-content\/uploads\/2022\/07\/enbiosis-ai-01-510x510.jpg 510w, https:\/\/enbiosis.com\/staging\/wp-content\/uploads\/2022\/07\/enbiosis-ai-01-100x100.jpg 100w, https:\/\/enbiosis.com\/staging\/wp-content\/uploads\/2022\/07\/enbiosis-ai-01-300x300.jpg 300w, https:\/\/enbiosis.com\/staging\/wp-content\/uploads\/2022\/07\/enbiosis-ai-01-1024x1024.jpg 1024w, https:\/\/enbiosis.com\/staging\/wp-content\/uploads\/2022\/07\/enbiosis-ai-01-150x150.jpg 150w, https:\/\/enbiosis.com\/staging\/wp-content\/uploads\/2022\/07\/enbiosis-ai-01-768x768.jpg 768w\" sizes=\"(max-width: 1080px) 100vw, 1080px\" \/>\t\t\t\t\t\t\n\t\t\t\t\t<\/div>\n\t\t\t\t\t\t\t\t\n<style>\n#image_336527057 {\n  width: 100%;\n}\n<\/style>\n\t<\/div>\n\t\n\t\t<\/div>\n\t\t\t\t\t<\/div>\n\n\t\n\n\t<div id=\"col-85335472\" class=\"col medium-8 small-12 large-8\"  >\n\t\t\t\t<div class=\"col-inner text-left\"  >\n\t\t\t\n\t\t\t\n\t<div id=\"text-505073642\" class=\"text\">\n\t\t\n<h2 class=\"gradient-title\">Jak \u0142\u0105czymy sztuczn\u0105 inteligencj\u0119 i ludzki mikrobiom jelitowy?<\/h2>\n\t\t\n<style>\n#text-505073642 {\n  font-size: 2.5rem;\n  text-align: left;\n}\n<\/style>\n\t<\/div>\n\t\n<p>Mikrobiom jelitowy jest analizowany przy u\u017cyciu technologii sztucznej inteligencji. Po otrzymaniu pr\u00f3bki nasze zakontraktowane laboratoria przeprowadzaj\u0105 analiz\u0119 opart\u0105 na NGS. Oprogramowanie ENBIOSIS przetwarza surowe dane DNA, okre\u015bla, kt\u00f3re grupy bakterii \u017cyj\u0105 w jelitach danej osoby na poziomie taksonomicznym i, co najwa\u017cniejsze, definiuje ekologiczne i funkcjonalne relacje mi\u0119dzy nimi. Szczeg\u00f3\u0142y analizy mikrobiomu znajduj\u0105 si\u0119 w <strong>raporcie z analizy mikrobiomu ENBIOSIS.<\/strong><\/p>\n\t\t<\/div>\n\t\t\t\t\t<\/div>\n\n\t\n<\/div>\n<div class=\"row align-middle\"  id=\"row-2111975423\">\n\n\t<div id=\"col-1827935450\" class=\"col medium-8 small-12 large-8\"  >\n\t\t\t\t<div class=\"col-inner text-left\"  >\n\t\t\t\n\t\t\t\n\t<div id=\"text-559271779\" class=\"text\">\n\t\t\n<h2 class=\"gradient-title\">Technologia ENBIOSIS AI<\/h2>\n<p>Aby wytrenowa\u0107 modele uczenia maszynowego, skompilowali\u015bmy baz\u0119 danych mikrobiom\u00f3w przy u\u017cyciu dost\u0119pnych danych open-source z American Gut Project, Human Microbiome Project, Flemish Gut Flora Project oraz posiadanych przez nas danych wewn\u0119trznych. Baza danych sk\u0142ada si\u0119 z danych mikrobiomu oraz informacji o stylu \u017cycia i zdrowiu od ponad 46 000 os\u00f3b. Dzi\u0119ki naszemu rozwijaj\u0105cemu si\u0119 biobankowi nasza technologia AI stale si\u0119 rozwija.<\/p>\n\t\t\n<style>\n#text-559271779 {\n  text-align: left;\n}\n<\/style>\n\t<\/div>\n\t\n\t\t<\/div>\n\t\t\t\t\t<\/div>\n\n\t\n\n\t<div id=\"col-1392160299\" class=\"col medium-4 small-12 large-4 small-col-first\"  >\n\t\t\t\t<div class=\"col-inner text-center\"  >\n\t\t\t\n\t\t\t\n\t<div class=\"img has-hover x md-x lg-x y md-y lg-y\" id=\"image_966957538\">\n\t\t\t\t\t\t\t\t<div class=\"img-inner dark\" >\n\t\t\t<img decoding=\"async\" width=\"1080\" height=\"1080\" src=\"https:\/\/enbiosis.com\/staging\/wp-content\/uploads\/2022\/07\/enbiosis-ai-02.jpg\" class=\"attachment-original size-original\" alt=\"AI-powered microbiome analysis and recommendation\" srcset=\"https:\/\/enbiosis.com\/staging\/wp-content\/uploads\/2022\/07\/enbiosis-ai-02.jpg 1080w, https:\/\/enbiosis.com\/staging\/wp-content\/uploads\/2022\/07\/enbiosis-ai-02-510x510.jpg 510w, https:\/\/enbiosis.com\/staging\/wp-content\/uploads\/2022\/07\/enbiosis-ai-02-100x100.jpg 100w, https:\/\/enbiosis.com\/staging\/wp-content\/uploads\/2022\/07\/enbiosis-ai-02-300x300.jpg 300w, https:\/\/enbiosis.com\/staging\/wp-content\/uploads\/2022\/07\/enbiosis-ai-02-1024x1024.jpg 1024w, https:\/\/enbiosis.com\/staging\/wp-content\/uploads\/2022\/07\/enbiosis-ai-02-150x150.jpg 150w, https:\/\/enbiosis.com\/staging\/wp-content\/uploads\/2022\/07\/enbiosis-ai-02-768x768.jpg 768w\" sizes=\"(max-width: 1080px) 100vw, 1080px\" \/>\t\t\t\t\t\t\n\t\t\t\t\t<\/div>\n\t\t\t\t\t\t\t\t\n<style>\n#image_966957538 {\n  width: 100%;\n}\n<\/style>\n\t<\/div>\n\t\n\t\t<\/div>\n\t\t\t\t\t<\/div>\n\n\t\n<\/div>\n<div class=\"row align-middle\"  id=\"row-1009908635\">\n\n\t<div id=\"col-92075933\" class=\"col medium-4 small-12 large-4 small-col-first\"  >\n\t\t\t\t<div class=\"col-inner text-center\"  >\n\t\t\t\n\t\t\t\n\t<div class=\"img has-hover x md-x lg-x y md-y lg-y\" id=\"image_660784328\">\n\t\t\t\t\t\t\t\t<div class=\"img-inner dark\" >\n\t\t\t<img decoding=\"async\" width=\"1080\" height=\"1080\" src=\"https:\/\/enbiosis.com\/staging\/wp-content\/uploads\/2022\/07\/enbiosis-ai-03.jpg\" class=\"attachment-original size-original\" alt=\"AI-powered microbiome analysis and recommendation\" srcset=\"https:\/\/enbiosis.com\/staging\/wp-content\/uploads\/2022\/07\/enbiosis-ai-03.jpg 1080w, https:\/\/enbiosis.com\/staging\/wp-content\/uploads\/2022\/07\/enbiosis-ai-03-510x510.jpg 510w, https:\/\/enbiosis.com\/staging\/wp-content\/uploads\/2022\/07\/enbiosis-ai-03-100x100.jpg 100w, https:\/\/enbiosis.com\/staging\/wp-content\/uploads\/2022\/07\/enbiosis-ai-03-300x300.jpg 300w, https:\/\/enbiosis.com\/staging\/wp-content\/uploads\/2022\/07\/enbiosis-ai-03-1024x1024.jpg 1024w, https:\/\/enbiosis.com\/staging\/wp-content\/uploads\/2022\/07\/enbiosis-ai-03-150x150.jpg 150w, https:\/\/enbiosis.com\/staging\/wp-content\/uploads\/2022\/07\/enbiosis-ai-03-768x768.jpg 768w\" sizes=\"(max-width: 1080px) 100vw, 1080px\" \/>\t\t\t\t\t\t\n\t\t\t\t\t<\/div>\n\t\t\t\t\t\t\t\t\n<style>\n#image_660784328 {\n  width: 100%;\n}\n<\/style>\n\t<\/div>\n\t\n\t\t<\/div>\n\t\t\t\t\t<\/div>\n\n\t\n\n\t<div id=\"col-610666199\" class=\"col medium-8 small-12 large-8\"  >\n\t\t\t\t<div class=\"col-inner text-left\"  >\n\t\t\t\n\t\t\t\n<h2 class=\"gradient-title\">System rekomendacji probiotyk\u00f3w<\/h2>\n<p>Probiotyki to \u017cywe mikroorganizmy zapewniaj\u0105ce korzy\u015bci zdrowotne, gdy s\u0105 spo\u017cywane w postaci suplement\u00f3w. Analizuj\u0105c mikrobiom ka\u017cdej osoby w rozdzielczo\u015bci gen\u00f3w drobnoustroj\u00f3w, ENBIOSIS zapewnia spersonalizowane sugestie dotycz\u0105ce probiotyk\u00f3w w celu promowania zdrowia, a tak\u017ce niekorzystnych powik\u0142a\u0144 chor\u00f3b przewlek\u0142ych.<\/p>\n\t\t<\/div>\n\t\t\t\t\t<\/div>\n\n\t\n<\/div>\n<div class=\"row align-middle\"  id=\"row-1955443732\">\n\n\t<div id=\"col-330143881\" class=\"col medium-8 small-12 large-8\"  >\n\t\t\t\t<div class=\"col-inner text-left\"  >\n\t\t\t\n\t\t\t\n\t<div id=\"text-3387414193\" class=\"text\">\n\t\t\n<h2 class=\"gradient-title\">Model od\u017cywiania oparty na sztucznej inteligencji ENBIOSIS<\/h2>\n<p>Aby oceni\u0107 zwi\u0105zek mi\u0119dzy \u017cywno\u015bci\u0105 a mikrobiot\u0105, stworzyli\u015bmy baz\u0119 danych sk\u0142adnik\u00f3w od\u017cywczych zawieraj\u0105c\u0105 kategorie: w\u0119glowodany, bia\u0142ka, lipidy, witaminy\/minera\u0142y, fitochemikalia, dodatki do \u017cywno\u015bci, \u017cywno\u015b\u0107 specyficzna, \u017cywno\u015b\u0107 fermentowana. Mikrosk\u0142adniki od\u017cywcze, kt\u00f3re s\u0105 zwi\u0105zane ze wzrostem \/ hamowaniem niekt\u00f3rych mikroorganizm\u00f3w w badaniach in vivo, zosta\u0142y okre\u015blone na podstawie metaanalizy.<\/p>\n<p>Ostateczna baza danych zawiera mikrosk\u0142adniki od\u017cywcze i ich docelowe mikroorganizmy. Po okre\u015bleniu preferowanej modulacji mikrobiomu (tj. w kierunku zdrowszego stanu, na korzy\u015b\u0107 kompozycji probiotycznej), powi\u0105zane mikrosk\u0142adniki od\u017cywcze otrzymuj\u0105 odpowiednie wyniki. Pojedynczy mikrosk\u0142adnik od\u017cywczy mo\u017ce mie\u0107 wiele cel\u00f3w, jak r\u00f3wnie\u017c organizm mo\u017ce by\u0107 celem wielu mikrosk\u0142adnik\u00f3w od\u017cywczych. Powoduje to powtarzaj\u0105ce si\u0119 preferencje niekt\u00f3rych mikroelement\u00f3w, a tym samym zr\u00f3\u017cnicowan\u0105 klasyfikacj\u0119 w szerokim zakresie.<\/p>\n<p>Ostateczne wyniki s\u0105 wzgl\u0119dn\u0105 ocen\u0105 skalowan\u0105 w zakresie 0-10. Podobnie, punktacja \u017cywno\u015bci jest skumulowan\u0105 punktacj\u0105 artyku\u0142\u00f3w spo\u017cywczych wa\u017conych liniowo wed\u0142ug ich sk\u0142adnik\u00f3w mikroelementowych.<\/p>\n\t\t\n<style>\n#text-3387414193 {\n  text-align: left;\n}\n<\/style>\n\t<\/div>\n\t\n\t\t<\/div>\n\t\t\t\t\t<\/div>\n\n\t\n\n\t<div id=\"col-470757791\" class=\"col medium-4 small-12 large-4 small-col-first\"  >\n\t\t\t\t<div class=\"col-inner text-center\"  >\n\t\t\t\n\t\t\t\n\t<div class=\"img has-hover x md-x lg-x y md-y lg-y\" id=\"image_576542560\">\n\t\t\t\t\t\t\t\t<div class=\"img-inner dark\" >\n\t\t\t<img loading=\"lazy\" decoding=\"async\" width=\"1080\" height=\"1080\" src=\"https:\/\/enbiosis.com\/staging\/wp-content\/uploads\/2022\/07\/enbiosis-ai-04.jpg\" class=\"attachment-original size-original\" alt=\"AI-powered microbiome analysis and recommendation\" srcset=\"https:\/\/enbiosis.com\/staging\/wp-content\/uploads\/2022\/07\/enbiosis-ai-04.jpg 1080w, https:\/\/enbiosis.com\/staging\/wp-content\/uploads\/2022\/07\/enbiosis-ai-04-510x510.jpg 510w, https:\/\/enbiosis.com\/staging\/wp-content\/uploads\/2022\/07\/enbiosis-ai-04-100x100.jpg 100w, https:\/\/enbiosis.com\/staging\/wp-content\/uploads\/2022\/07\/enbiosis-ai-04-300x300.jpg 300w, https:\/\/enbiosis.com\/staging\/wp-content\/uploads\/2022\/07\/enbiosis-ai-04-1024x1024.jpg 1024w, https:\/\/enbiosis.com\/staging\/wp-content\/uploads\/2022\/07\/enbiosis-ai-04-150x150.jpg 150w, https:\/\/enbiosis.com\/staging\/wp-content\/uploads\/2022\/07\/enbiosis-ai-04-768x768.jpg 768w\" sizes=\"(max-width: 1080px) 100vw, 1080px\" \/>\t\t\t\t\t\t\n\t\t\t\t\t<\/div>\n\t\t\t\t\t\t\t\t\n<style>\n#image_576542560 {\n  width: 100%;\n}\n<\/style>\n\t<\/div>\n\t\n\t\t<\/div>\n\t\t\t\t\t<\/div>\n\n\t\n<\/div>\n<div class=\"row align-middle\"  id=\"row-2124053105\">\n\n\t<div id=\"col-810584508\" class=\"col medium-4 small-12 large-4 small-col-first\"  >\n\t\t\t\t<div class=\"col-inner text-center\"  >\n\t\t\t\n\t\t\t\n\t<div class=\"img has-hover x md-x lg-x y md-y lg-y\" id=\"image_1069709936\">\n\t\t\t\t\t\t\t\t<div class=\"img-inner dark\" >\n\t\t\t<img loading=\"lazy\" decoding=\"async\" width=\"1080\" height=\"1080\" src=\"https:\/\/enbiosis.com\/staging\/wp-content\/uploads\/2022\/07\/enbiosis-ai-05.jpg\" class=\"attachment-original size-original\" alt=\"AI-powered microbiome analysis and recommendation\" srcset=\"https:\/\/enbiosis.com\/staging\/wp-content\/uploads\/2022\/07\/enbiosis-ai-05.jpg 1080w, https:\/\/enbiosis.com\/staging\/wp-content\/uploads\/2022\/07\/enbiosis-ai-05-510x510.jpg 510w, https:\/\/enbiosis.com\/staging\/wp-content\/uploads\/2022\/07\/enbiosis-ai-05-100x100.jpg 100w, https:\/\/enbiosis.com\/staging\/wp-content\/uploads\/2022\/07\/enbiosis-ai-05-300x300.jpg 300w, https:\/\/enbiosis.com\/staging\/wp-content\/uploads\/2022\/07\/enbiosis-ai-05-1024x1024.jpg 1024w, https:\/\/enbiosis.com\/staging\/wp-content\/uploads\/2022\/07\/enbiosis-ai-05-150x150.jpg 150w, https:\/\/enbiosis.com\/staging\/wp-content\/uploads\/2022\/07\/enbiosis-ai-05-768x768.jpg 768w\" sizes=\"(max-width: 1080px) 100vw, 1080px\" \/>\t\t\t\t\t\t\n\t\t\t\t\t<\/div>\n\t\t\t\t\t\t\t\t\n<style>\n#image_1069709936 {\n  width: 100%;\n}\n<\/style>\n\t<\/div>\n\t\n\t\t<\/div>\n\t\t\t\t\t<\/div>\n\n\t\n\n\t<div id=\"col-198999933\" class=\"col medium-8 small-12 large-8\"  >\n\t\t\t\t<div class=\"col-inner text-left\"  >\n\t\t\t\n\t\t\t\n\t<div id=\"text-2115242249\" class=\"text\">\n\t\t\n<h2 class=\"gradient-title\">ENBIOSIS &#8211; probiotyki nowej generacji i \u017cywe bioterapeutyki<\/h2>\n<p>Nasza technologia odkrywania biomarker\u00f3w oparta na sztucznej inteligencji analizuje ogromne ilo\u015bci danych mikrobiomu w celu odkrycia jednostek genetycznych zwi\u0105zanych ze zdrowiem cz\u0142owieka. W trakcie naszych poszukiwa\u0144 w naszym zastrze\u017conym mikro-banku odkryli\u015bmy uderzaj\u0105ce biomarkery (geny bakteryjne i biosyntetyczne klastry gen\u00f3w jako du\u017ce segmenty DNA), kt\u00f3re mog\u0105 potencjalnie przynie\u015b\u0107 bezprecedensowe korzy\u015bci zdrowotne.<\/p>\n<p>Zainicjowali\u015bmy program badawczo-rozwojowy maj\u0105cy na celu produkcj\u0119 genetycznie zmodyfikowanych mikroorganizm\u00f3w w celu zintegrowania wspomnianych biomarker\u00f3w dostarczaj\u0105cych probiotyki nowej generacji.<\/p>\n\t\t\n<style>\n#text-2115242249 {\n  text-align: left;\n}\n<\/style>\n\t<\/div>\n\t\n\t\t<\/div>\n\t\t\t\t\t<\/div>\n\n\t\n<\/div>\n\t<div id=\"gap-1875612266\" class=\"gap-element clearfix\" style=\"display:block; height:auto;\">\n\t\t\n<style>\n#gap-1875612266 {\n  padding-top: 50px;\n}\n<\/style>\n\t<\/div>\n\t\n\t\t<\/div>\n\t\t\t\t\t<\/div>\n\n\t\n\n<style>\n#row-27473103 > .col > .col-inner {\n  padding: 40px 40px 40px 40px;\n  background-color: rgb(255,255,255);\n}\n<\/style>\n<\/div>\n\t\t<\/div>\n\t\t\t\t\t<\/div>\n\n\t\n<\/div>\n\t\t<\/div>\n\n\t\t\n<style>\n#section_918241810 {\n  padding-top: 30px;\n  padding-bottom: 30px;\n  background-color: rgb(244, 244, 244);\n}\n#section_918241810 .ux-shape-divider--top svg {\n  height: 150px;\n  --divider-top-width: 100%;\n}\n#section_918241810 .ux-shape-divider--bottom svg {\n  height: 150px;\n  --divider-width: 100%;\n}\n<\/style>\n\t<\/section>\n\t\n","protected":false},"excerpt":{"rendered":"","protected":false},"author":2,"featured_media":0,"parent":0,"menu_order":0,"comment_status":"closed","ping_status":"closed","template":"page-blank.php","meta":{"_acf_changed":false,"om_disable_all_campaigns":false,"inline_featured_image":false,"_uf_show_specific_survey":0,"_uf_disable_surveys":false,"footnotes":""},"class_list":["post-26535","page","type-page","status-publish","hentry"],"acf":[],"yoast_head":"<!-- This site is optimized with the Yoast SEO plugin v23.5 - https:\/\/yoast.com\/wordpress\/plugins\/seo\/ -->\n<title>Technologia Enbiosis AI do badania mikrobiomu jelitowego i zdrowia jelit<\/title>\n<meta name=\"description\" content=\"Rozwi\u0105zania w zakresie zdrowia jelit i analizy mikrobiomu oparte na sztucznej inteligencji, spersonalizowane rekomendacje dotycz\u0105ce \u017cywno\u015bci i suplement\u00f3w poprawiaj\u0105ce zdrowie jelit.\" \/>\n<meta name=\"robots\" content=\"noindex, follow, max-snippet:-1, max-image-preview:large, max-video-preview:-1\" \/>\n<meta property=\"og:locale\" content=\"en_US\" \/>\n<meta property=\"og:type\" content=\"article\" \/>\n<meta property=\"og:title\" content=\"Technologia Enbiosis AI do badania mikrobiomu jelitowego i zdrowia jelit\" \/>\n<meta property=\"og:description\" content=\"Rozwi\u0105zania w zakresie zdrowia jelit i analizy mikrobiomu oparte na sztucznej inteligencji, spersonalizowane rekomendacje dotycz\u0105ce \u017cywno\u015bci i suplement\u00f3w poprawiaj\u0105ce zdrowie jelit.\" \/>\n<meta property=\"og:url\" content=\"https:\/\/enbiosis.com\/staging\/pl\/enbiosis-ai-technology\/\" \/>\n<meta property=\"og:site_name\" content=\"Enbiosis\" \/>\n<meta property=\"article:modified_time\" content=\"2024-11-26T17:19:37+00:00\" \/>\n<meta name=\"twitter:card\" content=\"summary_large_image\" \/>\n<meta name=\"twitter:label1\" content=\"Est. reading time\" \/>\n\t<meta name=\"twitter:data1\" content=\"3 minutes\" \/>\n<script type=\"application\/ld+json\" class=\"yoast-schema-graph\">{\"@context\":\"https:\/\/schema.org\",\"@graph\":[{\"@type\":\"WebPage\",\"@id\":\"https:\/\/enbiosis.com\/staging\/pl\/enbiosis-ai-technology\/\",\"url\":\"https:\/\/enbiosis.com\/staging\/pl\/enbiosis-ai-technology\/\",\"name\":\"Technologia Enbiosis AI do badania mikrobiomu jelitowego i zdrowia jelit\",\"isPartOf\":{\"@id\":\"https:\/\/enbiosis.com\/staging\/#website\"},\"datePublished\":\"2024-03-19T12:44:19+00:00\",\"dateModified\":\"2024-11-26T17:19:37+00:00\",\"description\":\"Rozwi\u0105zania w zakresie zdrowia jelit i analizy mikrobiomu oparte na sztucznej inteligencji, spersonalizowane rekomendacje dotycz\u0105ce \u017cywno\u015bci i suplement\u00f3w poprawiaj\u0105ce zdrowie jelit.\",\"breadcrumb\":{\"@id\":\"https:\/\/enbiosis.com\/staging\/pl\/enbiosis-ai-technology\/#breadcrumb\"},\"inLanguage\":\"en-US\",\"potentialAction\":[{\"@type\":\"ReadAction\",\"target\":[\"https:\/\/enbiosis.com\/staging\/pl\/enbiosis-ai-technology\/\"]}]},{\"@type\":\"BreadcrumbList\",\"@id\":\"https:\/\/enbiosis.com\/staging\/pl\/enbiosis-ai-technology\/#breadcrumb\",\"itemListElement\":[{\"@type\":\"ListItem\",\"position\":1,\"name\":\"Home\",\"item\":\"https:\/\/enbiosis.com\/staging\/\"},{\"@type\":\"ListItem\",\"position\":2,\"name\":\"Technologia sztucznej inteligencji ENBIOSIS\"}]},{\"@type\":\"WebSite\",\"@id\":\"https:\/\/enbiosis.com\/staging\/#website\",\"url\":\"https:\/\/enbiosis.com\/staging\/\",\"name\":\"Enbiosis\",\"description\":\"Microbiome Analysis\",\"potentialAction\":[{\"@type\":\"SearchAction\",\"target\":{\"@type\":\"EntryPoint\",\"urlTemplate\":\"https:\/\/enbiosis.com\/staging\/?s={search_term_string}\"},\"query-input\":{\"@type\":\"PropertyValueSpecification\",\"valueRequired\":true,\"valueName\":\"search_term_string\"}}],\"inLanguage\":\"en-US\"}]}<\/script>\n<!-- \/ Yoast SEO plugin. -->","yoast_head_json":{"title":"Technologia Enbiosis AI do badania mikrobiomu jelitowego i zdrowia jelit","description":"Rozwi\u0105zania w zakresie zdrowia jelit i analizy mikrobiomu oparte na sztucznej inteligencji, spersonalizowane rekomendacje dotycz\u0105ce \u017cywno\u015bci i suplement\u00f3w poprawiaj\u0105ce zdrowie jelit.","robots":{"index":"noindex","follow":"follow","max-snippet":"max-snippet:-1","max-image-preview":"max-image-preview:large","max-video-preview":"max-video-preview:-1"},"og_locale":"en_US","og_type":"article","og_title":"Technologia Enbiosis AI do badania mikrobiomu jelitowego i zdrowia jelit","og_description":"Rozwi\u0105zania w zakresie zdrowia jelit i analizy mikrobiomu oparte na sztucznej inteligencji, spersonalizowane rekomendacje dotycz\u0105ce \u017cywno\u015bci i suplement\u00f3w poprawiaj\u0105ce zdrowie jelit.","og_url":"https:\/\/enbiosis.com\/staging\/pl\/enbiosis-ai-technology\/","og_site_name":"Enbiosis","article_modified_time":"2024-11-26T17:19:37+00:00","twitter_card":"summary_large_image","twitter_misc":{"Est. reading time":"3 minutes"},"schema":{"@context":"https:\/\/schema.org","@graph":[{"@type":"WebPage","@id":"https:\/\/enbiosis.com\/staging\/pl\/enbiosis-ai-technology\/","url":"https:\/\/enbiosis.com\/staging\/pl\/enbiosis-ai-technology\/","name":"Technologia Enbiosis AI do badania mikrobiomu jelitowego i zdrowia jelit","isPartOf":{"@id":"https:\/\/enbiosis.com\/staging\/#website"},"datePublished":"2024-03-19T12:44:19+00:00","dateModified":"2024-11-26T17:19:37+00:00","description":"Rozwi\u0105zania w zakresie zdrowia jelit i analizy mikrobiomu oparte na sztucznej inteligencji, spersonalizowane rekomendacje dotycz\u0105ce \u017cywno\u015bci i suplement\u00f3w poprawiaj\u0105ce zdrowie jelit.","breadcrumb":{"@id":"https:\/\/enbiosis.com\/staging\/pl\/enbiosis-ai-technology\/#breadcrumb"},"inLanguage":"en-US","potentialAction":[{"@type":"ReadAction","target":["https:\/\/enbiosis.com\/staging\/pl\/enbiosis-ai-technology\/"]}]},{"@type":"BreadcrumbList","@id":"https:\/\/enbiosis.com\/staging\/pl\/enbiosis-ai-technology\/#breadcrumb","itemListElement":[{"@type":"ListItem","position":1,"name":"Home","item":"https:\/\/enbiosis.com\/staging\/"},{"@type":"ListItem","position":2,"name":"Technologia sztucznej inteligencji ENBIOSIS"}]},{"@type":"WebSite","@id":"https:\/\/enbiosis.com\/staging\/#website","url":"https:\/\/enbiosis.com\/staging\/","name":"Enbiosis","description":"Microbiome Analysis","potentialAction":[{"@type":"SearchAction","target":{"@type":"EntryPoint","urlTemplate":"https:\/\/enbiosis.com\/staging\/?s={search_term_string}"},"query-input":{"@type":"PropertyValueSpecification","valueRequired":true,"valueName":"search_term_string"}}],"inLanguage":"en-US"}]}},"lang":"pl","translations":{"pl":26535,"en":268,"ar":21702,"pt":24519,"zh":24667,"tr":24930,"es":26299,"el":36731,"ru":37219,"cs":38297},"pll_sync_post":[],"_links":{"self":[{"href":"https:\/\/enbiosis.com\/staging\/wp-json\/wp\/v2\/pages\/26535"}],"collection":[{"href":"https:\/\/enbiosis.com\/staging\/wp-json\/wp\/v2\/pages"}],"about":[{"href":"https:\/\/enbiosis.com\/staging\/wp-json\/wp\/v2\/types\/page"}],"author":[{"embeddable":true,"href":"https:\/\/enbiosis.com\/staging\/wp-json\/wp\/v2\/users\/2"}],"replies":[{"embeddable":true,"href":"https:\/\/enbiosis.com\/staging\/wp-json\/wp\/v2\/comments?post=26535"}],"version-history":[{"count":0,"href":"https:\/\/enbiosis.com\/staging\/wp-json\/wp\/v2\/pages\/26535\/revisions"}],"wp:attachment":[{"href":"https:\/\/enbiosis.com\/staging\/wp-json\/wp\/v2\/media?parent=26535"}],"curies":[{"name":"wp","href":"https:\/\/api.w.org\/{rel}","templated":true}]}}