{"id":26556,"date":"2024-03-19T23:06:12","date_gmt":"2024-03-19T20:06:12","guid":{"rendered":"https:\/\/www.enbiosis.com\/?page_id=26556"},"modified":"2024-12-03T13:42:51","modified_gmt":"2024-12-03T10:42:51","slug":"about","status":"publish","type":"page","link":"https:\/\/enbiosis.com\/staging\/pl\/about\/","title":{"rendered":"O"},"content":{"rendered":"\t<section class=\"section\" id=\"section_505483540\">\n\t\t<div class=\"bg section-bg fill bg-fill  \" >\n\n\t\t\t\n\t\t\t<div class=\"section-bg-overlay absolute fill\"><\/div>\n\t\t\t\n\n\t\t<\/div>\n\n\t\t\n\n\t\t<div class=\"section-content relative\">\n\t\t\t\n<div class=\"row\"  id=\"row-553171319\">\n\n\t<div id=\"col-630738338\" class=\"col small-12 large-12\"  >\n\t\t\t\t<div class=\"col-inner text-center dark\"  >\n\t\t\t\n\t\t\t\n\t<div id=\"text-3827179689\" class=\"text\">\n\t\t\n<h2>Poznaj umys\u0142y po\u015bwi\u0119cone innowacjom w dziedzinie mikrobiomu<\/h2>\n\t\t\n<style>\n#text-3827179689 {\n  font-size: 2rem;\n  text-align: center;\n}\n<\/style>\n\t<\/div>\n\t\n\t\t<\/div>\n\t\t\t\t\n<style>\n#col-630738338 > .col-inner {\n  padding: 56px 0px 0px 0px;\n}\n<\/style>\n\t<\/div>\n\n\t\n<\/div>\n\t\t<\/div>\n\n\t\t\n<style>\n#section_505483540 {\n  padding-top: 50px;\n  padding-bottom: 50px;\n  min-height: 300px;\n}\n#section_505483540 .section-bg-overlay {\n  background-color: rgba(0, 0, 0, 0.378);\n}\n#section_505483540 .section-bg.bg-loaded {\n  background-image: url(https:\/\/enbiosis.com\/staging\/wp-content\/uploads\/2023\/01\/about-us-header-2.jpg);\n}\n#section_505483540 .section-bg {\n  background-position: 54% 15%;\n}\n#section_505483540 .ux-shape-divider--top svg {\n  height: 150px;\n  --divider-top-width: 100%;\n}\n#section_505483540 .ux-shape-divider--bottom svg {\n  height: 150px;\n  --divider-width: 100%;\n}\n@media (min-width:550px) {\n  #section_505483540 {\n    padding-top: 0px;\n    padding-bottom: 0px;\n  }\n}\n<\/style>\n\t<\/section>\n\t\n\t<section class=\"section\" id=\"section_2039289645\">\n\t\t<div class=\"bg section-bg fill bg-fill  bg-loaded\" >\n\n\t\t\t\n\t\t\t\n\t\t\t\n\n\t\t<\/div>\n\n\t\t\n\n\t\t<div class=\"section-content relative\">\n\t\t\t\n<div class=\"row align-middle\"  id=\"row-287318197\">\n\n\t<div id=\"col-591915771\" class=\"col medium-6 small-12 large-6\"  >\n\t\t\t\t<div class=\"col-inner\"  >\n\t\t\t\n\t\t\t\n<h2 class=\"gradient-title\">Rewolucja mikrobiomu<\/h2>\n<p>Przysz\u0142o\u015b\u0107 zdrowia ukryta jest w Twoim mikrobiomie, a my w ENBIOSIS pomagamy Ci odkry\u0107 to, co kryje si\u0119 w Twoich wn\u0119trzno\u015bciach.<\/p>\n<p>Tworz\u0105c wynalazki naukowe, produkty i us\u0142ugi z wykorzystaniem organizm\u00f3w mikrobiomu, naszym celem jest poprawa jako\u015bci zdrowia ludzkiego. Dzi\u0119ki naszym technologiom opartym na sztucznej inteligencji analizujemy mikrobiom jelitowy cz\u0142owieka, aby zapewni\u0107 spersonalizowane rozwi\u0105zania zdrowotne. Obejmuje to spersonalizowane rekomendacje \u017cywieniowe oraz zalecenia przed i sugestie probiotyczne maj\u0105ce na celu doprowadzenie ka\u017cdego cz\u0142owieka do zdrowszego stanu.<\/p>\n<div class=\"notranslate\" style=\"all: inicja\u0142;\"><\/div>\n\t\t<\/div>\n\t\t\t\t\t<\/div>\n\n\t\n\n\t<div id=\"col-314390666\" class=\"col medium-6 small-12 large-6 small-col-first\"  >\n\t\t\t\t<div class=\"col-inner text-center\"  >\n\t\t\t\n\t\t\t\n\t<div class=\"img has-hover x md-x lg-x y md-y lg-y\" id=\"image_932836926\">\n\t\t\t\t\t\t\t\t<div class=\"img-inner dark\" >\n\t\t\t<img fetchpriority=\"high\" decoding=\"async\" width=\"1142\" height=\"1183\" src=\"https:\/\/enbiosis.com\/staging\/wp-content\/uploads\/2022\/01\/ngs-tech-min.jpg\" class=\"attachment-original size-original\" alt=\"ngs-tech-min\" srcset=\"https:\/\/enbiosis.com\/staging\/wp-content\/uploads\/2022\/01\/ngs-tech-min.jpg 1142w, https:\/\/enbiosis.com\/staging\/wp-content\/uploads\/2022\/01\/ngs-tech-min-510x528.jpg 510w, https:\/\/enbiosis.com\/staging\/wp-content\/uploads\/2022\/01\/ngs-tech-min-290x300.jpg 290w, https:\/\/enbiosis.com\/staging\/wp-content\/uploads\/2022\/01\/ngs-tech-min-989x1024.jpg 989w, https:\/\/enbiosis.com\/staging\/wp-content\/uploads\/2022\/01\/ngs-tech-min-768x796.jpg 768w\" sizes=\"(max-width: 1142px) 100vw, 1142px\" \/>\t\t\t\t\t\t\n\t\t\t\t\t<\/div>\n\t\t\t\t\t\t\t\t\n<style>\n#image_932836926 {\n  width: 80%;\n}\n<\/style>\n\t<\/div>\n\t\n\t\t<\/div>\n\t\t\t\t\t<\/div>\n\n\t\n<\/div>\n\t\t<\/div>\n\n\t\t\n<style>\n#section_2039289645 {\n  padding-top: 50px;\n  padding-bottom: 50px;\n}\n#section_2039289645 .ux-shape-divider--top svg {\n  height: 150px;\n  --divider-top-width: 100%;\n}\n#section_2039289645 .ux-shape-divider--bottom svg {\n  height: 150px;\n  --divider-width: 100%;\n}\n<\/style>\n\t<\/section>\n\t\n\t<section class=\"section\" id=\"section_321942453\">\n\t\t<div class=\"bg section-bg fill bg-fill  bg-loaded\" >\n\n\t\t\t\n\t\t\t\n\t\t\t\n\n\t\t<\/div>\n\n\t\t\n\n\t\t<div class=\"section-content relative\">\n\t\t\t\n<div class=\"row align-middle\"  id=\"row-1468164828\">\n\n\t<div id=\"col-494330576\" class=\"col medium-6 small-12 large-6\"  >\n\t\t\t\t<div class=\"col-inner\"  >\n\t\t\t\n\t\t\t\n\t<div class=\"img has-hover x md-x lg-x y md-y lg-y\" id=\"image_770393152\">\n\t\t\t\t\t\t\t\t<div class=\"img-inner dark\" >\n\t\t\t<img decoding=\"async\" width=\"800\" height=\"800\" src=\"https:\/\/enbiosis.com\/staging\/wp-content\/uploads\/2024\/03\/Dobre-samopoczucie.png\" class=\"attachment-original size-original\" alt=\"Dobre samopoczucie\" srcset=\"https:\/\/enbiosis.com\/staging\/wp-content\/uploads\/2024\/03\/Dobre-samopoczucie.png 800w, https:\/\/enbiosis.com\/staging\/wp-content\/uploads\/2024\/03\/Dobre-samopoczucie-510x510.png 510w, https:\/\/enbiosis.com\/staging\/wp-content\/uploads\/2024\/03\/Dobre-samopoczucie-100x100.png 100w, https:\/\/enbiosis.com\/staging\/wp-content\/uploads\/2024\/03\/Dobre-samopoczucie-300x300.png 300w, https:\/\/enbiosis.com\/staging\/wp-content\/uploads\/2024\/03\/Dobre-samopoczucie-150x150.png 150w, https:\/\/enbiosis.com\/staging\/wp-content\/uploads\/2024\/03\/Dobre-samopoczucie-768x768.png 768w\" sizes=\"(max-width: 800px) 100vw, 800px\" \/>\t\t\t\t\t\t\n\t\t\t\t\t<\/div>\n\t\t\t\t\t\t\t\t\n<style>\n#image_770393152 {\n  width: 100%;\n}\n<\/style>\n\t<\/div>\n\t\n<p>&#8212;&#8212;&#8212;&#8212;&#8212;<\/p>\n\t\t<\/div>\n\t\t\t\t\t<\/div>\n\n\t\n\n\t<div id=\"col-296024804\" class=\"col medium-6 small-12 large-6 small-col-first\"  >\n\t\t\t\t<div class=\"col-inner\"  >\n\t\t\t\n\t\t\t\n<h3 class=\"gradient-title\">Czym si\u0119 zajmujemy?<\/h3>\n<p>ENBIOSIS Biotechnology \u0142\u0105czy sztuczn\u0105 inteligencj\u0119 i nauk\u0119 o mikrobiomie, aby zapewni\u0107 spersonalizowane rozwi\u0105zania zdrowotne. Analizujemy parametry zdrowotne za pomoc\u0105 spersonalizowanego systemu rekomendacji opartego na technologii sztucznej inteligencji.<\/p>\n<p>Tryliony bakterii jelitowych w naszej rozszerzonej bazie danych s\u0105 analizowane za pomoc\u0105 zaawansowanych modeli sztucznej inteligencji. Oferujemy spersonalizowane zalecenia dotycz\u0105ce \u017cywno\u015bci i suplement\u00f3w, wraz z przepisami kulinarnymi, w oparciu o wyniki analizy mikrobiomu jelitowego.<\/p>\n\t\t<\/div>\n\t\t\t\t\t<\/div>\n\n\t\n<\/div>\n\t\t<\/div>\n\n\t\t\n<style>\n#section_321942453 {\n  padding-top: 50px;\n  padding-bottom: 50px;\n}\n#section_321942453 .ux-shape-divider--top svg {\n  height: 150px;\n  --divider-top-width: 100%;\n}\n#section_321942453 .ux-shape-divider--bottom svg {\n  height: 150px;\n  --divider-width: 100%;\n}\n<\/style>\n\t<\/section>\n\t\n\t<section class=\"section\" id=\"section_344813211\">\n\t\t<div class=\"bg section-bg fill bg-fill  bg-loaded\" >\n\n\t\t\t\n\t\t\t\n\t\t\t\n\n\t\t<\/div>\n\n\t\t\n\n\t\t<div class=\"section-content relative\">\n\t\t\t\n<div class=\"row align-middle\"  id=\"row-1398331250\">\n\n\t<div id=\"col-1647449220\" class=\"col medium-6 small-12 large-6\"  >\n\t\t\t\t<div class=\"col-inner\"  >\n\t\t\t\n\t\t\t\n<h3 class=\"gradient-title\">Ekosystem<\/h3>\n<p>Ekosystem ENBIOSIS sk\u0142ada si\u0119 z rozleg\u0142ej sieci u\u017cytkownik\u00f3w, po\u0142\u0105czonych za po\u015brednictwem naszego biobanku i aplikacji mobilnej, systemu operacyjnego opartego na sztucznej inteligencji, nieustannie eksploruj\u0105cego du\u017ce zbiory danych z biobanku w celu opracowywania i oferowania u\u017cytkownikom rozwi\u0105za\u0144 zdrowotnych; zespo\u0142u naukowego prowadz\u0105cego badania nad nauk\u0105 o mikrobiomie w celu opracowania zintegrowanych produkt\u00f3w i us\u0142ug biotechnologicznych; oraz sieci pracownik\u00f3w s\u0142u\u017cby zdrowia konsultuj\u0105cych si\u0119 z u\u017cytkownikami.<\/p>\n\t\t<\/div>\n\t\t\t\t\t<\/div>\n\n\t\n\n\t<div id=\"col-825444421\" class=\"col medium-6 small-12 large-6\"  >\n\t\t\t\t<div class=\"col-inner\"  >\n\t\t\t\n\t\t\t\n\t<div class=\"img has-hover x md-x lg-x y md-y lg-y\" id=\"image_206295185\">\n\t\t\t\t\t\t\t\t<div class=\"img-inner dark\" >\n\t\t\t<img decoding=\"async\" width=\"742\" height=\"422\" src=\"https:\/\/enbiosis.com\/staging\/wp-content\/uploads\/2021\/12\/about_section2_1.png\" class=\"attachment-large size-large\" alt=\"about_section2_1\" srcset=\"https:\/\/enbiosis.com\/staging\/wp-content\/uploads\/2021\/12\/about_section2_1.png 742w, https:\/\/enbiosis.com\/staging\/wp-content\/uploads\/2021\/12\/about_section2_1-510x290.png 510w, https:\/\/enbiosis.com\/staging\/wp-content\/uploads\/2021\/12\/about_section2_1-300x171.png 300w\" sizes=\"(max-width: 742px) 100vw, 742px\" \/>\t\t\t\t\t\t\n\t\t\t\t\t<\/div>\n\t\t\t\t\t\t\t\t\n<style>\n#image_206295185 {\n  width: 100%;\n}\n<\/style>\n\t<\/div>\n\t\n\t\t<\/div>\n\t\t\t\t\t<\/div>\n\n\t\n<\/div>\n\t\t<\/div>\n\n\t\t\n<style>\n#section_344813211 {\n  padding-top: 50px;\n  padding-bottom: 50px;\n  background-color: rgb(250, 250, 250);\n}\n#section_344813211 .ux-shape-divider--top svg {\n  height: 150px;\n  --divider-top-width: 100%;\n}\n#section_344813211 .ux-shape-divider--bottom svg {\n  height: 150px;\n  --divider-width: 100%;\n}\n<\/style>\n\t<\/section>\n\t\n\t<section class=\"section show-for-small\" id=\"section_1915648504\">\n\t\t<div class=\"bg section-bg fill bg-fill  bg-loaded\" >\n\n\t\t\t\n\t\t\t\n\t\t\t\n\n\t\t<\/div>\n\n\t\t\n\n\t\t<div class=\"section-content relative\">\n\t\t\t\n\n<div class=\"row row-large show-for-small\"  id=\"row-1398130979\">\n\n\n\t<div id=\"col-1911768265\" class=\"col small-12 large-12\"  >\n\t\t\t\t<div class=\"col-inner\"  >\n\t\t\t\n\t\t\t\n\n\t<div class=\"img has-hover x md-x lg-x y md-y lg-y\" id=\"image_133550681\">\n\t\t<a class=\"\" href=\"https:\/\/www.enbiosis.com\/cs\/practitioners\/\"  >\t\t\t\t\t\t<div class=\"img-inner dark\" >\n\t\t\t<img loading=\"lazy\" decoding=\"async\" width=\"1080\" height=\"1080\" src=\"https:\/\/enbiosis.com\/staging\/wp-content\/uploads\/2022\/08\/enbiosis-practitioner-mobile-1.jpg\" class=\"attachment-original size-original\" alt=\"enbiosis-practitioner-mobile\" srcset=\"https:\/\/enbiosis.com\/staging\/wp-content\/uploads\/2022\/08\/enbiosis-practitioner-mobile-1.jpg 1080w, https:\/\/enbiosis.com\/staging\/wp-content\/uploads\/2022\/08\/enbiosis-practitioner-mobile-1-510x510.jpg 510w, https:\/\/enbiosis.com\/staging\/wp-content\/uploads\/2022\/08\/enbiosis-practitioner-mobile-1-100x100.jpg 100w, https:\/\/enbiosis.com\/staging\/wp-content\/uploads\/2022\/08\/enbiosis-practitioner-mobile-1-300x300.jpg 300w, https:\/\/enbiosis.com\/staging\/wp-content\/uploads\/2022\/08\/enbiosis-practitioner-mobile-1-1024x1024.jpg 1024w, https:\/\/enbiosis.com\/staging\/wp-content\/uploads\/2022\/08\/enbiosis-practitioner-mobile-1-150x150.jpg 150w, https:\/\/enbiosis.com\/staging\/wp-content\/uploads\/2022\/08\/enbiosis-practitioner-mobile-1-768x768.jpg 768w\" sizes=\"(max-width: 1080px) 100vw, 1080px\" \/>\t\t\t\t\t\t\n\t\t\t\t\t<\/div>\n\t\t\t\t\t\t<\/a>\t\t\n<style>\n#image_133550681 {\n  width: 100%;\n}\n<\/style>\n\t<\/div>\n\t\n\n\n\t\t<\/div>\n\t\t\t\t\t<\/div>\n\n\t\n\n<\/div>\n\n\t\t<\/div>\n\n\t\t\n<style>\n#section_1915648504 {\n  padding-top: 50px;\n  padding-bottom: 50px;\n}\n#section_1915648504 .ux-shape-divider--top svg {\n  height: 150px;\n  --divider-top-width: 100%;\n}\n#section_1915648504 .ux-shape-divider--bottom svg {\n  height: 150px;\n  --divider-width: 100%;\n}\n<\/style>\n\t<\/section>\n\t\n\t<section class=\"section\" id=\"section_1070846077\">\n\t\t<div class=\"bg section-bg fill bg-fill  bg-loaded\" >\n\n\t\t\t\n\t\t\t\n\t\t\t\n\n\t\t<\/div>\n\n\t\t\n\n\t\t<div class=\"section-content relative\">\n\t\t\t\n<div class=\"row align-middle\"  id=\"row-515553255\">\n\n\t<div id=\"col-990667646\" class=\"col medium-6 small-12 large-6 small-col-first\"  >\n\t\t\t\t<div class=\"col-inner text-center\"  >\n\t\t\t\n\t\t\t\n\t<div class=\"img has-hover x md-x lg-x y md-y lg-y\" id=\"image_1316242456\">\n\t\t\t\t\t\t\t\t<div class=\"img-inner dark\" >\n\t\t\t<img loading=\"lazy\" decoding=\"async\" width=\"1120\" height=\"1120\" src=\"https:\/\/enbiosis.com\/staging\/wp-content\/uploads\/2022\/01\/about-doktor.jpg\" class=\"attachment-original size-original\" alt=\"about-doktor\" srcset=\"https:\/\/enbiosis.com\/staging\/wp-content\/uploads\/2022\/01\/about-doktor.jpg 1120w, https:\/\/enbiosis.com\/staging\/wp-content\/uploads\/2022\/01\/about-doktor-510x510.jpg 510w, https:\/\/enbiosis.com\/staging\/wp-content\/uploads\/2022\/01\/about-doktor-100x100.jpg 100w, https:\/\/enbiosis.com\/staging\/wp-content\/uploads\/2022\/01\/about-doktor-300x300.jpg 300w, https:\/\/enbiosis.com\/staging\/wp-content\/uploads\/2022\/01\/about-doktor-1024x1024.jpg 1024w, https:\/\/enbiosis.com\/staging\/wp-content\/uploads\/2022\/01\/about-doktor-150x150.jpg 150w, https:\/\/enbiosis.com\/staging\/wp-content\/uploads\/2022\/01\/about-doktor-768x768.jpg 768w\" sizes=\"(max-width: 1120px) 100vw, 1120px\" \/>\t\t\t\t\t\t\n\t\t\t\t\t<\/div>\n\t\t\t\t\t\t\t\t\n<style>\n#image_1316242456 {\n  width: 70%;\n}\n<\/style>\n\t<\/div>\n\t\n\t\t<\/div>\n\t\t\t\t\t<\/div>\n\n\t\n\n\t<div id=\"col-1213004930\" class=\"col medium-6 small-12 large-6\"  >\n\t\t\t\t<div class=\"col-inner\"  >\n\t\t\t\n\t\t\t\n<h3 class=\"gradient-title\">Misja<\/h3>\n<p>Tworzenie wynalazk\u00f3w naukowych, produkt\u00f3w i us\u0142ug, kt\u00f3re poprawi\u0105 jako\u015b\u0107 ludzkiego zdrowia dzi\u0119ki wykorzystaniu organizm\u00f3w mikrobiomowych.<\/p>\n\t<div id=\"gap-1964259838\" class=\"gap-element clearfix\" style=\"display:block; height:auto;\">\n\t\t\n<style>\n#gap-1964259838 {\n  padding-top: 30px;\n}\n<\/style>\n\t<\/div>\n\t\n<h3 class=\"gradient-title\">Wizja<\/h3>\n<p>Udost\u0119pnianie rozwi\u0105za\u0144 zdrowotnych masom poprzez priorytetowe traktowanie zasad rozwoju cz\u0142owieka.<\/p>\n\t\t<\/div>\n\t\t\t\t\t<\/div>\n\n\t\n<\/div>\n\t\t<\/div>\n\n\t\t\n<style>\n#section_1070846077 {\n  padding-top: 50px;\n  padding-bottom: 50px;\n}\n#section_1070846077 .ux-shape-divider--top svg {\n  height: 150px;\n  --divider-top-width: 100%;\n}\n#section_1070846077 .ux-shape-divider--bottom svg {\n  height: 150px;\n  --divider-width: 100%;\n}\n<\/style>\n\t<\/section>\n\t\n","protected":false},"excerpt":{"rendered":"","protected":false},"author":2,"featured_media":0,"parent":0,"menu_order":0,"comment_status":"closed","ping_status":"closed","template":"page-blank.php","meta":{"_acf_changed":false,"om_disable_all_campaigns":false,"inline_featured_image":false,"_uf_show_specific_survey":0,"_uf_disable_surveys":false,"footnotes":""},"class_list":["post-26556","page","type-page","status-publish","hentry"],"acf":[],"yoast_head":"<!-- This site is optimized with the Yoast SEO plugin v23.5 - https:\/\/yoast.com\/wordpress\/plugins\/seo\/ -->\n<title>ENBIOSIS | Modulacja i zdrowie mikrobiomu jelitowego oparta na sztucznej inteligencji<\/title>\n<meta name=\"description\" content=\"Rozwi\u0105zania w zakresie zdrowia jelit i analizy mikrobiomu oparte na sztucznej inteligencji, spersonalizowane rekomendacje dotycz\u0105ce \u017cywno\u015bci i suplement\u00f3w poprawiaj\u0105ce zdrowie jelit.\" \/>\n<meta name=\"robots\" content=\"noindex, follow, max-snippet:-1, max-image-preview:large, max-video-preview:-1\" \/>\n<meta property=\"og:locale\" content=\"en_US\" \/>\n<meta property=\"og:type\" content=\"article\" \/>\n<meta property=\"og:title\" content=\"ENBIOSIS | Modulacja i zdrowie mikrobiomu jelitowego oparta na sztucznej inteligencji\" \/>\n<meta property=\"og:description\" content=\"Rozwi\u0105zania w zakresie zdrowia jelit i analizy mikrobiomu oparte na sztucznej inteligencji, spersonalizowane rekomendacje dotycz\u0105ce \u017cywno\u015bci i suplement\u00f3w poprawiaj\u0105ce zdrowie jelit.\" \/>\n<meta property=\"og:url\" content=\"https:\/\/enbiosis.com\/staging\/pl\/about\/\" \/>\n<meta property=\"og:site_name\" content=\"Enbiosis\" \/>\n<meta property=\"article:modified_time\" content=\"2024-12-03T10:42:51+00:00\" \/>\n<meta name=\"twitter:card\" content=\"summary_large_image\" \/>\n<meta name=\"twitter:label1\" content=\"Est. reading time\" \/>\n\t<meta name=\"twitter:data1\" content=\"2 minutes\" \/>\n<script type=\"application\/ld+json\" class=\"yoast-schema-graph\">{\"@context\":\"https:\/\/schema.org\",\"@graph\":[{\"@type\":\"WebPage\",\"@id\":\"https:\/\/enbiosis.com\/staging\/pl\/about\/\",\"url\":\"https:\/\/enbiosis.com\/staging\/pl\/about\/\",\"name\":\"ENBIOSIS | Modulacja i zdrowie mikrobiomu jelitowego oparta na sztucznej inteligencji\",\"isPartOf\":{\"@id\":\"https:\/\/enbiosis.com\/staging\/#website\"},\"datePublished\":\"2024-03-19T20:06:12+00:00\",\"dateModified\":\"2024-12-03T10:42:51+00:00\",\"description\":\"Rozwi\u0105zania w zakresie zdrowia jelit i analizy mikrobiomu oparte na sztucznej inteligencji, spersonalizowane rekomendacje dotycz\u0105ce \u017cywno\u015bci i suplement\u00f3w poprawiaj\u0105ce zdrowie jelit.\",\"breadcrumb\":{\"@id\":\"https:\/\/enbiosis.com\/staging\/pl\/about\/#breadcrumb\"},\"inLanguage\":\"en-US\",\"potentialAction\":[{\"@type\":\"ReadAction\",\"target\":[\"https:\/\/enbiosis.com\/staging\/pl\/about\/\"]}]},{\"@type\":\"BreadcrumbList\",\"@id\":\"https:\/\/enbiosis.com\/staging\/pl\/about\/#breadcrumb\",\"itemListElement\":[{\"@type\":\"ListItem\",\"position\":1,\"name\":\"Home\",\"item\":\"https:\/\/enbiosis.com\/staging\/\"},{\"@type\":\"ListItem\",\"position\":2,\"name\":\"O\"}]},{\"@type\":\"WebSite\",\"@id\":\"https:\/\/enbiosis.com\/staging\/#website\",\"url\":\"https:\/\/enbiosis.com\/staging\/\",\"name\":\"Enbiosis\",\"description\":\"Microbiome Analysis\",\"potentialAction\":[{\"@type\":\"SearchAction\",\"target\":{\"@type\":\"EntryPoint\",\"urlTemplate\":\"https:\/\/enbiosis.com\/staging\/?s={search_term_string}\"},\"query-input\":{\"@type\":\"PropertyValueSpecification\",\"valueRequired\":true,\"valueName\":\"search_term_string\"}}],\"inLanguage\":\"en-US\"}]}<\/script>\n<!-- \/ Yoast SEO plugin. -->","yoast_head_json":{"title":"ENBIOSIS | Modulacja i zdrowie mikrobiomu jelitowego oparta na sztucznej inteligencji","description":"Rozwi\u0105zania w zakresie zdrowia jelit i analizy mikrobiomu oparte na sztucznej inteligencji, spersonalizowane rekomendacje dotycz\u0105ce \u017cywno\u015bci i suplement\u00f3w poprawiaj\u0105ce zdrowie jelit.","robots":{"index":"noindex","follow":"follow","max-snippet":"max-snippet:-1","max-image-preview":"max-image-preview:large","max-video-preview":"max-video-preview:-1"},"og_locale":"en_US","og_type":"article","og_title":"ENBIOSIS | Modulacja i zdrowie mikrobiomu jelitowego oparta na sztucznej inteligencji","og_description":"Rozwi\u0105zania w zakresie zdrowia jelit i analizy mikrobiomu oparte na sztucznej inteligencji, spersonalizowane rekomendacje dotycz\u0105ce \u017cywno\u015bci i suplement\u00f3w poprawiaj\u0105ce zdrowie jelit.","og_url":"https:\/\/enbiosis.com\/staging\/pl\/about\/","og_site_name":"Enbiosis","article_modified_time":"2024-12-03T10:42:51+00:00","twitter_card":"summary_large_image","twitter_misc":{"Est. reading time":"2 minutes"},"schema":{"@context":"https:\/\/schema.org","@graph":[{"@type":"WebPage","@id":"https:\/\/enbiosis.com\/staging\/pl\/about\/","url":"https:\/\/enbiosis.com\/staging\/pl\/about\/","name":"ENBIOSIS | Modulacja i zdrowie mikrobiomu jelitowego oparta na sztucznej inteligencji","isPartOf":{"@id":"https:\/\/enbiosis.com\/staging\/#website"},"datePublished":"2024-03-19T20:06:12+00:00","dateModified":"2024-12-03T10:42:51+00:00","description":"Rozwi\u0105zania w zakresie zdrowia jelit i analizy mikrobiomu oparte na sztucznej inteligencji, spersonalizowane rekomendacje dotycz\u0105ce \u017cywno\u015bci i suplement\u00f3w poprawiaj\u0105ce zdrowie jelit.","breadcrumb":{"@id":"https:\/\/enbiosis.com\/staging\/pl\/about\/#breadcrumb"},"inLanguage":"en-US","potentialAction":[{"@type":"ReadAction","target":["https:\/\/enbiosis.com\/staging\/pl\/about\/"]}]},{"@type":"BreadcrumbList","@id":"https:\/\/enbiosis.com\/staging\/pl\/about\/#breadcrumb","itemListElement":[{"@type":"ListItem","position":1,"name":"Home","item":"https:\/\/enbiosis.com\/staging\/"},{"@type":"ListItem","position":2,"name":"O"}]},{"@type":"WebSite","@id":"https:\/\/enbiosis.com\/staging\/#website","url":"https:\/\/enbiosis.com\/staging\/","name":"Enbiosis","description":"Microbiome Analysis","potentialAction":[{"@type":"SearchAction","target":{"@type":"EntryPoint","urlTemplate":"https:\/\/enbiosis.com\/staging\/?s={search_term_string}"},"query-input":{"@type":"PropertyValueSpecification","valueRequired":true,"valueName":"search_term_string"}}],"inLanguage":"en-US"}]}},"lang":"pl","translations":{"pl":26556,"en":95,"pt":24533,"zh":24710,"tr":25138,"es":26323,"ru":33521,"ar":33592,"el":36211,"cs":38273},"pll_sync_post":[],"_links":{"self":[{"href":"https:\/\/enbiosis.com\/staging\/wp-json\/wp\/v2\/pages\/26556"}],"collection":[{"href":"https:\/\/enbiosis.com\/staging\/wp-json\/wp\/v2\/pages"}],"about":[{"href":"https:\/\/enbiosis.com\/staging\/wp-json\/wp\/v2\/types\/page"}],"author":[{"embeddable":true,"href":"https:\/\/enbiosis.com\/staging\/wp-json\/wp\/v2\/users\/2"}],"replies":[{"embeddable":true,"href":"https:\/\/enbiosis.com\/staging\/wp-json\/wp\/v2\/comments?post=26556"}],"version-history":[{"count":0,"href":"https:\/\/enbiosis.com\/staging\/wp-json\/wp\/v2\/pages\/26556\/revisions"}],"wp:attachment":[{"href":"https:\/\/enbiosis.com\/staging\/wp-json\/wp\/v2\/media?parent=26556"}],"curies":[{"name":"wp","href":"https:\/\/api.w.org\/{rel}","templated":true}]}}