{"id":38273,"date":"2024-12-29T22:20:14","date_gmt":"2024-12-29T19:20:14","guid":{"rendered":"https:\/\/www.enbiosis.com\/?page_id=38273"},"modified":"2024-12-29T22:20:14","modified_gmt":"2024-12-29T19:20:14","slug":"about","status":"publish","type":"page","link":"https:\/\/enbiosis.com\/staging\/cs\/about\/","title":{"rendered":"About"},"content":{"rendered":"\t<section class=\"section\" id=\"section_1003052391\">\n\t\t<div class=\"bg section-bg fill bg-fill  \" >\n\n\t\t\t\n\t\t\t<div class=\"section-bg-overlay absolute fill\"><\/div>\n\t\t\t\n\n\t\t<\/div>\n\n\t\t\n\n\t\t<div class=\"section-content relative\">\n\t\t\t\n<div class=\"row\"  id=\"row-1216165217\">\n\n\t<div id=\"col-939499444\" class=\"col small-12 large-12\"  >\n\t\t\t\t<div class=\"col-inner text-center dark\"  >\n\t\t\t\n\t\t\t\n\t<div id=\"text-1781861556\" class=\"text\">\n\t\t\n<h1><span style=\"font-size: 90%;\">Seznamte se s mozky v\u011bnovan\u00fdmi inovac\u00edm mikrobiomu<\/span><\/h1>\n\t\t\n<style>\n#text-1781861556 {\n  font-size: 2rem;\n  text-align: center;\n}\n<\/style>\n\t<\/div>\n\t\n\t\t<\/div>\n\t\t\t\t\n<style>\n#col-939499444 > .col-inner {\n  padding: 56px 0px 0px 0px;\n}\n<\/style>\n\t<\/div>\n\n\t\n<\/div>\n\t\t<\/div>\n\n\t\t\n<style>\n#section_1003052391 {\n  padding-top: 50px;\n  padding-bottom: 50px;\n  min-height: 300px;\n}\n#section_1003052391 .section-bg-overlay {\n  background-color: rgba(0, 0, 0, 0.378);\n}\n#section_1003052391 .section-bg.bg-loaded {\n  background-image: url(https:\/\/enbiosis.com\/staging\/wp-content\/uploads\/2024\/10\/about-us-header-2.webp);\n}\n#section_1003052391 .section-bg {\n  background-position: 54% 15%;\n}\n#section_1003052391 .ux-shape-divider--top svg {\n  height: 150px;\n  --divider-top-width: 100%;\n}\n#section_1003052391 .ux-shape-divider--bottom svg {\n  height: 150px;\n  --divider-width: 100%;\n}\n@media (min-width:550px) {\n  #section_1003052391 {\n    padding-top: 0px;\n    padding-bottom: 0px;\n  }\n}\n<\/style>\n\t<\/section>\n\t\n\t<section class=\"section\" id=\"section_1591834977\">\n\t\t<div class=\"bg section-bg fill bg-fill  bg-loaded\" >\n\n\t\t\t\n\t\t\t\n\t\t\t\n\n\t\t<\/div>\n\n\t\t\n\n\t\t<div class=\"section-content relative\">\n\t\t\t\n<div class=\"row align-middle\"  id=\"row-2026380111\">\n\n\t<div id=\"col-711221678\" class=\"col medium-6 small-12 large-6\"  >\n\t\t\t\t<div class=\"col-inner\"  >\n\t\t\t\n\t\t\t\n<h2 class=\"gradient-title\">Revoluce mikrobiomu<\/h2>\n<p>Budoucnost zdrav\u00ed je skryta ve va\u0161em mikrobiomu a my v ENBIOSIS v\u00e1s vedeme k odhalen\u00ed toho, co se skr\u00fdv\u00e1 ve va\u0161ich st\u0159evech.<\/p>\n<p>Vytv\u00e1\u0159\u00edme v\u011bdeck\u00e9 vyn\u00e1lezy, produkty a slu\u017eby za vyu\u017eit\u00ed mikrobiomov\u00fdch organism\u016f s c\u00edlem zlep\u0161it kvalitu lidsk\u00e9ho zdrav\u00ed. Pomoc\u00ed na\u0161ich technologi\u00ed poh\u00e1n\u011bn\u00fdch um\u011blou inteligenc\u00ed analyzujeme lidsk\u00fd st\u0159evn\u00ed mikrobiom, abychom poskytli personalizovan\u00e1 zdravotn\u00ed \u0159e\u0161en\u00ed. To zahrnuje personalizovan\u00e1 doporu\u010den\u00ed ohledn\u011b stravy a n\u00e1vrhy pre- a probiotik zam\u011b\u0159en\u00e9 na zlep\u0161en\u00ed zdravotn\u00edho stavu jednotlivce.<\/p>\n<div class=\"notranslate\" style=\"all: initial;\"><\/div>\n\t\t<\/div>\n\t\t\t\t\t<\/div>\n\n\t\n\n\t<div id=\"col-564237839\" class=\"col medium-6 small-12 large-6 small-col-first\"  >\n\t\t\t\t<div class=\"col-inner text-center\"  >\n\t\t\t\n\t\t\t\n\t<div class=\"img has-hover x md-x lg-x y md-y lg-y\" id=\"image_226709084\">\n\t\t\t\t\t\t\t\t<div class=\"img-inner dark\" >\n\t\t\t<img fetchpriority=\"high\" decoding=\"async\" width=\"1142\" height=\"1183\" src=\"https:\/\/enbiosis.com\/staging\/wp-content\/uploads\/2024\/10\/ngs-tech-min.webp\" class=\"attachment-original size-original\" alt=\"\" srcset=\"https:\/\/enbiosis.com\/staging\/wp-content\/uploads\/2024\/10\/ngs-tech-min.webp 1142w, https:\/\/enbiosis.com\/staging\/wp-content\/uploads\/2024\/10\/ngs-tech-min-510x528.webp 510w, https:\/\/enbiosis.com\/staging\/wp-content\/uploads\/2024\/10\/ngs-tech-min-290x300.webp 290w, https:\/\/enbiosis.com\/staging\/wp-content\/uploads\/2024\/10\/ngs-tech-min-768x796.webp 768w\" sizes=\"(max-width: 1142px) 100vw, 1142px\" \/>\t\t\t\t\t\t\n\t\t\t\t\t<\/div>\n\t\t\t\t\t\t\t\t\n<style>\n#image_226709084 {\n  width: 80%;\n}\n<\/style>\n\t<\/div>\n\t\n\t\t<\/div>\n\t\t\t\t\t<\/div>\n\n\t\n<\/div>\n\t\t<\/div>\n\n\t\t\n<style>\n#section_1591834977 {\n  padding-top: 50px;\n  padding-bottom: 50px;\n}\n#section_1591834977 .ux-shape-divider--top svg {\n  height: 150px;\n  --divider-top-width: 100%;\n}\n#section_1591834977 .ux-shape-divider--bottom svg {\n  height: 150px;\n  --divider-width: 100%;\n}\n<\/style>\n\t<\/section>\n\t\n\t<section class=\"section\" id=\"section_5225062\">\n\t\t<div class=\"bg section-bg fill bg-fill  bg-loaded\" >\n\n\t\t\t\n\t\t\t\n\t\t\t\n\n\t\t<\/div>\n\n\t\t\n\n\t\t<div class=\"section-content relative\">\n\t\t\t\n<div class=\"row align-middle\"  id=\"row-942848943\">\n\n\t<div id=\"col-1603343839\" class=\"col medium-6 small-12 large-6\"  >\n\t\t\t\t<div class=\"col-inner\"  >\n\t\t\t\n\t\t\t\n\t<div class=\"img has-hover x md-x lg-x y md-y lg-y\" id=\"image_2119992354\">\n\t\t\t\t\t\t\t\t<div class=\"img-inner dark\" >\n\t\t\t<img decoding=\"async\" width=\"800\" height=\"800\" src=\"https:\/\/enbiosis.com\/staging\/wp-content\/uploads\/2024\/10\/about_section_800x800.webp\" class=\"attachment-original size-original\" alt=\"\" srcset=\"https:\/\/enbiosis.com\/staging\/wp-content\/uploads\/2024\/10\/about_section_800x800.webp 800w, https:\/\/enbiosis.com\/staging\/wp-content\/uploads\/2024\/10\/about_section_800x800-510x510.webp 510w, https:\/\/enbiosis.com\/staging\/wp-content\/uploads\/2024\/10\/about_section_800x800-100x100.webp 100w, https:\/\/enbiosis.com\/staging\/wp-content\/uploads\/2024\/10\/about_section_800x800-300x300.webp 300w, https:\/\/enbiosis.com\/staging\/wp-content\/uploads\/2024\/10\/about_section_800x800-150x150.webp 150w, https:\/\/enbiosis.com\/staging\/wp-content\/uploads\/2024\/10\/about_section_800x800-768x768.webp 768w\" sizes=\"(max-width: 800px) 100vw, 800px\" \/>\t\t\t\t\t\t\n\t\t\t\t\t<\/div>\n\t\t\t\t\t\t\t\t\n<style>\n#image_2119992354 {\n  width: 100%;\n}\n<\/style>\n\t<\/div>\n\t\n\t\t<\/div>\n\t\t\t\t\t<\/div>\n\n\t\n\n\t<div id=\"col-637398084\" class=\"col medium-6 small-12 large-6 small-col-first\"  >\n\t\t\t\t<div class=\"col-inner\"  >\n\t\t\t\n\t\t\t\n<h2 class=\"gradient-title\">Co d\u011bl\u00e1me?<\/h2>\n<p>ENBIOSIS Biotechnologie kombinuje um\u011blou inteligenci a v\u011bdu o mikrobiomu, aby poskytla personalizovan\u00e1 zdravotn\u00ed \u0159e\u0161en\u00ed. Analyzujeme zdravotn\u00ed parametry pomoc\u00ed syst\u00e9mu personalizovan\u00fdch doporu\u010den\u00ed zalo\u017een\u00e9ho na technologii um\u011bl\u00e9 inteligence.<\/p>\n<p>Biliony st\u0159evn\u00edch bakteri\u00ed v na\u0161\u00ed roz\u0161\u00ed\u0159en\u00e9 datab\u00e1zi jsou analyzov\u00e1ny s pomoc\u00ed pokro\u010dil\u00fdch model\u016f um\u011bl\u00e9 inteligence. Nab\u00edz\u00edme personalizovan\u00e1 doporu\u010den\u00ed ohledn\u011b stravy a dopl\u0148k\u016f, spolu s recepty, na z\u00e1klad\u011b v\u00fdsledk\u016f anal\u00fdzy st\u0159evn\u00edho mikrobiomu.<\/p>\n\t\t<\/div>\n\t\t\t\t\t<\/div>\n\n\t\n<\/div>\n\t\t<\/div>\n\n\t\t\n<style>\n#section_5225062 {\n  padding-top: 50px;\n  padding-bottom: 50px;\n}\n#section_5225062 .ux-shape-divider--top svg {\n  height: 150px;\n  --divider-top-width: 100%;\n}\n#section_5225062 .ux-shape-divider--bottom svg {\n  height: 150px;\n  --divider-width: 100%;\n}\n<\/style>\n\t<\/section>\n\t\n\t<section class=\"section\" id=\"section_762121187\">\n\t\t<div class=\"bg section-bg fill bg-fill  bg-loaded\" >\n\n\t\t\t\n\t\t\t\n\t\t\t\n\n\t\t<\/div>\n\n\t\t\n\n\t\t<div class=\"section-content relative\">\n\t\t\t\n<div class=\"row align-middle\"  id=\"row-313124653\">\n\n\t<div id=\"col-773438203\" class=\"col medium-6 small-12 large-6\"  >\n\t\t\t\t<div class=\"col-inner\"  >\n\t\t\t\n\t\t\t\n<h3 class=\"gradient-title\">Ekosyst\u00e9m<\/h3>\n<p>Ekosyst\u00e9m ENBIOSIS se skl\u00e1d\u00e1 z rozs\u00e1hl\u00e9 s\u00edt\u011b u\u017eivatel\u016f, propojen\u00fdch prost\u0159ednictv\u00edm na\u0161eho biobanku a mobiln\u00ed aplikace, opera\u010dn\u00edho syst\u00e9mu um\u011bl\u00e9 inteligence, kter\u00fd neust\u00e1le t\u011b\u017e\u00ed velk\u00e1 data z biobanku k vyn\u00e1lez\u016fm a nab\u00edzen\u00ed zdravotn\u00edch \u0159e\u0161en\u00ed u\u017eivatel\u016fm; v\u011bdeck\u00e9ho t\u00fdmu zab\u00fdvaj\u00edc\u00edho se v\u00fdzkumem mikrobiomov\u00e9 v\u011bdy k v\u00fdvoji integrovan\u00fdch biotechnologick\u00fdch produkt\u016f a slu\u017eeb; a s\u00edt\u011b zdravotn\u00edch profesion\u00e1l\u016f konzultuj\u00edc\u00edch u\u017eivatele.<\/p>\n\t\t<\/div>\n\t\t\t\t\t<\/div>\n\n\t\n\n\t<div id=\"col-295554447\" class=\"col medium-6 small-12 large-6\"  >\n\t\t\t\t<div class=\"col-inner\"  >\n\t\t\t\n\t\t\t\n\t<div class=\"img has-hover x md-x lg-x y md-y lg-y\" id=\"image_17089502\">\n\t\t\t\t\t\t\t\t<div class=\"img-inner dark\" >\n\t\t\t<img decoding=\"async\" width=\"742\" height=\"422\" src=\"https:\/\/enbiosis.com\/staging\/wp-content\/uploads\/2024\/10\/about_section2_1.webp\" class=\"attachment-large size-large\" alt=\"\" srcset=\"https:\/\/enbiosis.com\/staging\/wp-content\/uploads\/2024\/10\/about_section2_1.webp 742w, https:\/\/enbiosis.com\/staging\/wp-content\/uploads\/2024\/10\/about_section2_1-510x290.webp 510w, https:\/\/enbiosis.com\/staging\/wp-content\/uploads\/2024\/10\/about_section2_1-300x171.webp 300w\" sizes=\"(max-width: 742px) 100vw, 742px\" \/>\t\t\t\t\t\t\n\t\t\t\t\t<\/div>\n\t\t\t\t\t\t\t\t\n<style>\n#image_17089502 {\n  width: 100%;\n}\n<\/style>\n\t<\/div>\n\t\n\t\t<\/div>\n\t\t\t\t\t<\/div>\n\n\t\n<\/div>\n\t\t<\/div>\n\n\t\t\n<style>\n#section_762121187 {\n  padding-top: 50px;\n  padding-bottom: 50px;\n  background-color: rgb(250, 250, 250);\n}\n#section_762121187 .ux-shape-divider--top svg {\n  height: 150px;\n  --divider-top-width: 100%;\n}\n#section_762121187 .ux-shape-divider--bottom svg {\n  height: 150px;\n  --divider-width: 100%;\n}\n<\/style>\n\t<\/section>\n\t\n\t<section class=\"section show-for-small\" id=\"section_940455335\">\n\t\t<div class=\"bg section-bg fill bg-fill  bg-loaded\" >\n\n\t\t\t\n\t\t\t\n\t\t\t\n\n\t\t<\/div>\n\n\t\t\n\n\t\t<div class=\"section-content relative\">\n\t\t\t\n\n<div class=\"row row-large show-for-small\"  id=\"row-1044336775\">\n\n\n\t<div id=\"col-1515798985\" class=\"col small-12 large-12\"  >\n\t\t\t\t<div class=\"col-inner\"  >\n\t\t\t\n\t\t\t\n\n\t<div class=\"img has-hover x md-x lg-x y md-y lg-y\" id=\"image_727004767\">\n\t\t<a class=\"\" href=\"https:\/\/www.enbiosis.com\/cs\/practitioners\/\"  >\t\t\t\t\t\t<div class=\"img-inner dark\" >\n\t\t\t<img loading=\"lazy\" decoding=\"async\" width=\"1080\" height=\"1080\" src=\"https:\/\/enbiosis.com\/staging\/wp-content\/uploads\/2022\/08\/enbiosis-practitioner-mobile-1.jpg\" class=\"attachment-original size-original\" alt=\"enbiosis-practitioner-mobile\" srcset=\"https:\/\/enbiosis.com\/staging\/wp-content\/uploads\/2022\/08\/enbiosis-practitioner-mobile-1.jpg 1080w, https:\/\/enbiosis.com\/staging\/wp-content\/uploads\/2022\/08\/enbiosis-practitioner-mobile-1-510x510.jpg 510w, https:\/\/enbiosis.com\/staging\/wp-content\/uploads\/2022\/08\/enbiosis-practitioner-mobile-1-100x100.jpg 100w, https:\/\/enbiosis.com\/staging\/wp-content\/uploads\/2022\/08\/enbiosis-practitioner-mobile-1-300x300.jpg 300w, https:\/\/enbiosis.com\/staging\/wp-content\/uploads\/2022\/08\/enbiosis-practitioner-mobile-1-1024x1024.jpg 1024w, https:\/\/enbiosis.com\/staging\/wp-content\/uploads\/2022\/08\/enbiosis-practitioner-mobile-1-150x150.jpg 150w, https:\/\/enbiosis.com\/staging\/wp-content\/uploads\/2022\/08\/enbiosis-practitioner-mobile-1-768x768.jpg 768w\" sizes=\"(max-width: 1080px) 100vw, 1080px\" \/>\t\t\t\t\t\t\n\t\t\t\t\t<\/div>\n\t\t\t\t\t\t<\/a>\t\t\n<style>\n#image_727004767 {\n  width: 100%;\n}\n<\/style>\n\t<\/div>\n\t\n\n\n\t\t<\/div>\n\t\t\t\t\t<\/div>\n\n\t\n\n<\/div>\n\n\t\t<\/div>\n\n\t\t\n<style>\n#section_940455335 {\n  padding-top: 50px;\n  padding-bottom: 50px;\n}\n#section_940455335 .ux-shape-divider--top svg {\n  height: 150px;\n  --divider-top-width: 100%;\n}\n#section_940455335 .ux-shape-divider--bottom svg {\n  height: 150px;\n  --divider-width: 100%;\n}\n<\/style>\n\t<\/section>\n\t\n\t<section class=\"section\" id=\"section_496250611\">\n\t\t<div class=\"bg section-bg fill bg-fill  bg-loaded\" >\n\n\t\t\t\n\t\t\t\n\t\t\t\n\n\t\t<\/div>\n\n\t\t\n\n\t\t<div class=\"section-content relative\">\n\t\t\t\n<div class=\"row align-middle\"  id=\"row-1332191816\">\n\n\t<div id=\"col-8559199\" class=\"col medium-6 small-12 large-6 small-col-first\"  >\n\t\t\t\t<div class=\"col-inner text-center\"  >\n\t\t\t\n\t\t\t\n\t<div class=\"img has-hover x md-x lg-x y md-y lg-y\" id=\"image_655863520\">\n\t\t\t\t\t\t\t\t<div class=\"img-inner dark\" >\n\t\t\t<img loading=\"lazy\" decoding=\"async\" width=\"1120\" height=\"1120\" src=\"https:\/\/enbiosis.com\/staging\/wp-content\/uploads\/2024\/10\/about-doktor.webp\" class=\"attachment-original size-original\" alt=\"\" srcset=\"https:\/\/enbiosis.com\/staging\/wp-content\/uploads\/2024\/10\/about-doktor.webp 1120w, https:\/\/enbiosis.com\/staging\/wp-content\/uploads\/2024\/10\/about-doktor-510x510.webp 510w, https:\/\/enbiosis.com\/staging\/wp-content\/uploads\/2024\/10\/about-doktor-100x100.webp 100w, https:\/\/enbiosis.com\/staging\/wp-content\/uploads\/2024\/10\/about-doktor-300x300.webp 300w, https:\/\/enbiosis.com\/staging\/wp-content\/uploads\/2024\/10\/about-doktor-150x150.webp 150w, https:\/\/enbiosis.com\/staging\/wp-content\/uploads\/2024\/10\/about-doktor-768x768.webp 768w\" sizes=\"(max-width: 1120px) 100vw, 1120px\" \/>\t\t\t\t\t\t\n\t\t\t\t\t<\/div>\n\t\t\t\t\t\t\t\t\n<style>\n#image_655863520 {\n  width: 70%;\n}\n<\/style>\n\t<\/div>\n\t\n\t\t<\/div>\n\t\t\t\t\t<\/div>\n\n\t\n\n\t<div id=\"col-304425287\" class=\"col medium-6 small-12 large-6\"  >\n\t\t\t\t<div class=\"col-inner\"  >\n\t\t\t\n\t\t\t\n<h3 class=\"gradient-title\">Mise<\/h3>\n<p>Vytv\u00e1\u0159en\u00ed v\u011bdeck\u00fdch vyn\u00e1lez\u016f, produkt\u016f a slu\u017eeb, kter\u00e9 zlep\u0161\u00ed kvalitu lidsk\u00e9ho zdrav\u00ed za vyu\u017eit\u00ed mikrobiomov\u00fdch organism\u016f.<\/p>\n\t<div id=\"gap-801993748\" class=\"gap-element clearfix\" style=\"display:block; height:auto;\">\n\t\t\n<style>\n#gap-801993748 {\n  padding-top: 30px;\n}\n<\/style>\n\t<\/div>\n\t\n<h3 class=\"gradient-title\">Vize<\/h3>\n<p>Zp\u0159\u00edstupn\u011bn\u00ed zdravotn\u00edch \u0159e\u0161en\u00ed \u0161irok\u00e9 ve\u0159ejnosti s d\u016frazem na principy lidsk\u00e9ho rozvoje.<\/p>\n\t\t<\/div>\n\t\t\t\t\t<\/div>\n\n\t\n<\/div>\n\t\t<\/div>\n\n\t\t\n<style>\n#section_496250611 {\n  padding-top: 50px;\n  padding-bottom: 50px;\n}\n#section_496250611 .ux-shape-divider--top svg {\n  height: 150px;\n  --divider-top-width: 100%;\n}\n#section_496250611 .ux-shape-divider--bottom svg {\n  height: 150px;\n  --divider-width: 100%;\n}\n<\/style>\n\t<\/section>\n\t\n","protected":false},"excerpt":{"rendered":"","protected":false},"author":1298,"featured_media":0,"parent":0,"menu_order":0,"comment_status":"closed","ping_status":"closed","template":"page-blank.php","meta":{"_acf_changed":false,"om_disable_all_campaigns":false,"inline_featured_image":false,"_uf_show_specific_survey":0,"_uf_disable_surveys":false,"footnotes":""},"class_list":["post-38273","page","type-page","status-publish","hentry"],"acf":[],"yoast_head":"<!-- This site is optimized with the Yoast SEO plugin v23.5 - https:\/\/yoast.com\/wordpress\/plugins\/seo\/ -->\n<title>Enbiosis | AI-powered Gut Microbiome Modulation and Health<\/title>\n<meta name=\"description\" content=\"AI-powered gut health solutions and microbiome analysis, personalized food and supplements recommendation to increase your gut health.\" \/>\n<meta name=\"robots\" content=\"noindex, follow, max-snippet:-1, max-image-preview:large, max-video-preview:-1\" \/>\n<meta property=\"og:locale\" content=\"en_US\" \/>\n<meta property=\"og:type\" content=\"article\" \/>\n<meta property=\"og:title\" content=\"Enbiosis | AI-powered Gut Microbiome Modulation and Health\" \/>\n<meta property=\"og:description\" content=\"AI-powered gut health solutions and microbiome analysis, personalized food and supplements recommendation to increase your gut health.\" \/>\n<meta property=\"og:url\" content=\"https:\/\/enbiosis.com\/staging\/cs\/about\/\" \/>\n<meta property=\"og:site_name\" content=\"Enbiosis\" \/>\n<meta name=\"twitter:card\" content=\"summary_large_image\" \/>\n<meta name=\"twitter:label1\" content=\"Est. reading time\" \/>\n\t<meta name=\"twitter:data1\" content=\"2 minutes\" \/>\n<script type=\"application\/ld+json\" class=\"yoast-schema-graph\">{\"@context\":\"https:\/\/schema.org\",\"@graph\":[{\"@type\":\"WebPage\",\"@id\":\"https:\/\/enbiosis.com\/staging\/cs\/about\/\",\"url\":\"https:\/\/enbiosis.com\/staging\/cs\/about\/\",\"name\":\"Enbiosis | AI-powered Gut Microbiome Modulation and Health\",\"isPartOf\":{\"@id\":\"https:\/\/enbiosis.com\/staging\/#website\"},\"datePublished\":\"2024-12-29T19:20:14+00:00\",\"dateModified\":\"2024-12-29T19:20:14+00:00\",\"description\":\"AI-powered gut health solutions and microbiome analysis, personalized food and supplements recommendation to increase your gut health.\",\"breadcrumb\":{\"@id\":\"https:\/\/enbiosis.com\/staging\/cs\/about\/#breadcrumb\"},\"inLanguage\":\"en-US\",\"potentialAction\":[{\"@type\":\"ReadAction\",\"target\":[\"https:\/\/enbiosis.com\/staging\/cs\/about\/\"]}]},{\"@type\":\"BreadcrumbList\",\"@id\":\"https:\/\/enbiosis.com\/staging\/cs\/about\/#breadcrumb\",\"itemListElement\":[{\"@type\":\"ListItem\",\"position\":1,\"name\":\"Home\",\"item\":\"https:\/\/enbiosis.com\/staging\/\"},{\"@type\":\"ListItem\",\"position\":2,\"name\":\"About\"}]},{\"@type\":\"WebSite\",\"@id\":\"https:\/\/enbiosis.com\/staging\/#website\",\"url\":\"https:\/\/enbiosis.com\/staging\/\",\"name\":\"Enbiosis\",\"description\":\"Microbiome Analysis\",\"potentialAction\":[{\"@type\":\"SearchAction\",\"target\":{\"@type\":\"EntryPoint\",\"urlTemplate\":\"https:\/\/enbiosis.com\/staging\/?s={search_term_string}\"},\"query-input\":{\"@type\":\"PropertyValueSpecification\",\"valueRequired\":true,\"valueName\":\"search_term_string\"}}],\"inLanguage\":\"en-US\"}]}<\/script>\n<!-- \/ Yoast SEO plugin. -->","yoast_head_json":{"title":"Enbiosis | AI-powered Gut Microbiome Modulation and Health","description":"AI-powered gut health solutions and microbiome analysis, personalized food and supplements recommendation to increase your gut health.","robots":{"index":"noindex","follow":"follow","max-snippet":"max-snippet:-1","max-image-preview":"max-image-preview:large","max-video-preview":"max-video-preview:-1"},"og_locale":"en_US","og_type":"article","og_title":"Enbiosis | AI-powered Gut Microbiome Modulation and Health","og_description":"AI-powered gut health solutions and microbiome analysis, personalized food and supplements recommendation to increase your gut health.","og_url":"https:\/\/enbiosis.com\/staging\/cs\/about\/","og_site_name":"Enbiosis","twitter_card":"summary_large_image","twitter_misc":{"Est. reading time":"2 minutes"},"schema":{"@context":"https:\/\/schema.org","@graph":[{"@type":"WebPage","@id":"https:\/\/enbiosis.com\/staging\/cs\/about\/","url":"https:\/\/enbiosis.com\/staging\/cs\/about\/","name":"Enbiosis | AI-powered Gut Microbiome Modulation and Health","isPartOf":{"@id":"https:\/\/enbiosis.com\/staging\/#website"},"datePublished":"2024-12-29T19:20:14+00:00","dateModified":"2024-12-29T19:20:14+00:00","description":"AI-powered gut health solutions and microbiome analysis, personalized food and supplements recommendation to increase your gut health.","breadcrumb":{"@id":"https:\/\/enbiosis.com\/staging\/cs\/about\/#breadcrumb"},"inLanguage":"en-US","potentialAction":[{"@type":"ReadAction","target":["https:\/\/enbiosis.com\/staging\/cs\/about\/"]}]},{"@type":"BreadcrumbList","@id":"https:\/\/enbiosis.com\/staging\/cs\/about\/#breadcrumb","itemListElement":[{"@type":"ListItem","position":1,"name":"Home","item":"https:\/\/enbiosis.com\/staging\/"},{"@type":"ListItem","position":2,"name":"About"}]},{"@type":"WebSite","@id":"https:\/\/enbiosis.com\/staging\/#website","url":"https:\/\/enbiosis.com\/staging\/","name":"Enbiosis","description":"Microbiome Analysis","potentialAction":[{"@type":"SearchAction","target":{"@type":"EntryPoint","urlTemplate":"https:\/\/enbiosis.com\/staging\/?s={search_term_string}"},"query-input":{"@type":"PropertyValueSpecification","valueRequired":true,"valueName":"search_term_string"}}],"inLanguage":"en-US"}]}},"lang":"cs","translations":{"cs":38273,"en":95,"pt":24533,"zh":24710,"tr":25138,"es":26323,"pl":26556,"ru":33521,"ar":33592,"el":36211},"pll_sync_post":[],"_links":{"self":[{"href":"https:\/\/enbiosis.com\/staging\/wp-json\/wp\/v2\/pages\/38273"}],"collection":[{"href":"https:\/\/enbiosis.com\/staging\/wp-json\/wp\/v2\/pages"}],"about":[{"href":"https:\/\/enbiosis.com\/staging\/wp-json\/wp\/v2\/types\/page"}],"author":[{"embeddable":true,"href":"https:\/\/enbiosis.com\/staging\/wp-json\/wp\/v2\/users\/1298"}],"replies":[{"embeddable":true,"href":"https:\/\/enbiosis.com\/staging\/wp-json\/wp\/v2\/comments?post=38273"}],"version-history":[{"count":0,"href":"https:\/\/enbiosis.com\/staging\/wp-json\/wp\/v2\/pages\/38273\/revisions"}],"wp:attachment":[{"href":"https:\/\/enbiosis.com\/staging\/wp-json\/wp\/v2\/media?parent=38273"}],"curies":[{"name":"wp","href":"https:\/\/api.w.org\/{rel}","templated":true}]}}